 16911831?
1
What is the units digit of 797619?
9
What is the hundreds digit of 388139?
1
What is the units digit of 4549557?
7
What is the hundred thousands digit of 1422907?
4
What is the tens digit of 697131?
3
What is the units digit of 16132334?
4
What is the hundred thousands digit of 10813862?
8
What is the tens digit of 30786396?
9
What is the tens digit of 982830?
3
What is the thousands digit of 7968954?
8
What is the tens digit of 6185079?
7
What is the hundred thousands digit of 19070591?
0
What is the hundreds digit of 253554?
5
What is the tens digit of 710975?
7
What is the thousands digit of 236786?
6
What is the ten thousands digit of 626236?
2
What is the ten thousands digit of 1100034?
0
What is the ten thousands digit of 11721678?
2
What is the tens digit of 6264?
6
What is the millions digit of 17790818?
7
What is the ten thousands digit of 203228?
0
What is the thousands digit of 1736229?
6
What is the tens digit of 169844?
4
What is the units digit of 9602585?
5
What is the thousands digit of 22129?
2
What is the thousands digit of 4224790?
4
What is the thousands digit of 481787?
1
What is the hundred thousands digit of 1519686?
5
What is the hundreds digit of 3038329?
3
What is the units digit of 18971556?
6
What is the hundreds digit of 902257?
2
What is the ten thousands digit of 1463311?
6
What is the units digit of 165101?
1
What is the units digit of 228336?
6
What is the thousands digit of 100493?
0
What is the ten thousands digit of 9559697?
5
What is the hundreds digit of 637206?
2
What is the thousands digit of 132458?
2
What is the ten millions digit of 14754831?
1
What is the units digit of 197720?
0
What is the thousands digit of 322262?
2
What is the units digit of 644140?
0
What is the thousands digit of 108110?
8
What is the thousands digit of 43165797?
5
What is the hundreds digit of 12707837?
8
What is the thousands digit of 27125863?
5
What is the ten millions digit of 17958023?
1
What is the ten thousands digit of 748025?
4
What is the millions digit of 15758284?
5
What is the ten thousands digit of 519610?
1
What is the ten thousands digit of 2786094?
8
What is the thousands digit of 1544934?
4
What is the hundred thousands digit of 4837529?
8
What is the hundreds digit of 5774223?
2
What is the units digit of 666559?
9
What is the hundred thousands digit of 1648340?
6
What is the ten thousands digit of 318158?
1
What is the hundreds digit of 14771480?
4
What is the millions digit of 2715105?
2
What is the ten thousands digit of 854966?
5
What is the units digit of 2812230?
0
What is the hundred thousands digit of 1455118?
4
What is the hundreds digit of 1688954?
9
What is the tens digit of 2270001?
0
What is the thousands digit of 344661?
4
What is the hundred thousands digit of 1635723?
6
What is the hundreds digit of 4781366?
3
What is the ten thousands digit of 693503?
9
What is the hundred thousands digit of 2349709?
3
What is the thousands digit of 198677?
8
What is the units digit of 13925680?
0
What is the tens digit of 109620?
2
What is the ten thousands digit of 2039631?
3
What is the units digit of 3707566?
6
What is the tens digit of 302983?
8
What is the hundreds digit of 86882?
8
What is the hundred thousands digit of 559340?
5
What is the ten thousands digit of 252032?
5
What is the thousands digit of 602138?
2
What is the ten thousands digit of 17266?
1
What is the tens digit of 11238287?
8
What is the units digit of 415811?
1
What is the thousands digit of 2114017?
4
What is the hundred thousands digit of 546020?
5
What is the ten thousands digit of 374920?
7
What is the units digit of 691938?
8
What is the tens digit of 3437680?
8
What is the units digit of 3068297?
7
What is the ten thousands digit of 842117?
4
What is the millions digit of 14799044?
4
What is the millions digit of 1740204?
1
What is the ten thousands digit of 17187762?
8
What is the tens digit of 322670?
7
What is the millions digit of 1327844?
1
What is the tens digit of 923389?
8
What is the ten thousands digit of 293987?
9
What is the tens digit of 39430957?
5
What is the thousands digit of 910204?
0
What is the units digit of 167976?
6
What is the tens digit of 794582?
8
What is the tens digit of 17882?
8
What is the units digit of 209603?
3
What is the tens digit of 6450635?
3
What is the millions digit of 6233598?
6
What is the hundred thousands digit of 430931?
4
What is the hundreds digit of 43637?
6
What is the units digit of 70037?
7
What is the hundred thousands digit of 334325?
3
What is the hundred thousands digit of 4835161?
8
What is the units digit of 411266?
6
What is the units digit of 31769595?
5
What is the millions digit of 1293582?
1
What is the thousands digit of 247467?
7
What is the hundred thousands digit of 2207319?
2
What is the units digit of 337363?
3
What is the tens digit of 1678075?
7
What is the ten thousands digit of 37613?
3
What is the hundred thousands digit of 4726603?
7
What is the units digit of 912988?
8
What is the tens digit of 180292?
9
What is the thousands digit of 2022211?
2
What is the hundred thousands digit of 201960?
2
What is the hundreds digit of 560243?
2
What is the tens digit of 626770?
7
What is the hundreds digit of 137996?
9
What is the hundred thousands digit of 723721?
7
What is the ten millions digit of 17366404?
1
What is the hundred thousands digit of 1114661?
1
What is the units digit of 192939?
9
What is the hundreds digit of 118118?
1
What is the millions digit of 2784796?
2
What is the ten thousands digit of 361474?
6
What is the ten thousands digit of 4781381?
8
What is the hundred thousands digit of 5801203?
8
What is the tens digit of 1456585?
8
What is the hundreds digit of 209708?
7
What is the units digit of 19880?
0
What is the units digit of 2135048?
8
What is the units digit of 157649?
9
What is the hundred thousands digit of 352229?
3
What is the thousands digit of 9685538?
5
What is the thousands digit of 43389?
3
What is the units digit of 14631973?
3
What is the tens digit of 263516?
1
What is the thousands digit of 245573?
5
What is the tens digit of 225462?
6
What is the hundreds digit of 511326?
3
What is the ten thousands digit of 3068551?
6
What is the thousands digit of 852447?
2
What is the millions digit of 2439259?
2
What is the hundreds digit of 1307436?
4
What is the units digit of 164170?
0
What is the ten thousands digit of 1435467?
3
What is the hundred thousands digit of 11746644?
7
What is the thousands digit of 260359?
0
What is the thousands digit of 5709626?
9
What is the units digit of 573850?
0
What is the thousands digit of 14334381?
4
What is the units digit of 2029718?
8
What is the hundred thousands digit of 12666430?
6
What is the ten thousands digit of 5469794?
6
What is the ten thousands digit of 87201?
8
What is the ten millions digit of 12888242?
1
What is the ten thousands digit of 1557558?
5
What is the hundred thousands digit of 734149?
7
What is the units digit of 696960?
0
What is the thousands digit of 3499187?
9
What is the units digit of 498032?
2
What is the units digit of 965323?
3
What is the thousands digit of 144680?
4
What is the hundreds digit of 1424999?
9
What is the thousands digit of 428505?
8
What is the hundred thousands digit of 4003684?
0
What is the ten thousands digit of 62016?
6
What is the hundred thousands digit of 353117?
3
What is the units digit of 1453818?
8
What is the ten thousands digit of 1209743?
0
What is the units digit of 142910?
0
What is the thousands digit of 372637?
2
What is the ten thousands digit of 183578?
8
What is the hundred thousands digit of 3931495?
9
What is the hundreds digit of 96215?
2
What is the units digit of 5741737?
7
What is the units digit of 220950?
0
What is the hundred thousands digit of 265159?
2
What is the ten thousands digit of 122341?
2
What is the units digit of 101545?
5
What is the units digit of 331539?
9
What is the ten millions digit of 20794534?
2
What is the units digit of 336940?
0
What is the thousands digit of 600715?
0
What is the ten thousands digit of 14012984?
1
What is the hundred thousands digit of 834195?
8
What is the units digit of 25365945?
5
What is the hundreds digit of 356374?
3
What is the tens digit o